 12) to base 2.
-100100001101011001110
Convert 9780a9 (base 12) to base 11.
139910a
What is -10111101100110101 (base 2) in base 7?
-553011
-11801850 (base 9) to base 12
-1b31800
218c88 (base 13) to base 16
c114f
What is 33abd5 (base 14) in base 16?
1ad527
-30b8e8 (base 15) to base 12
-939018
What is -3370637 (base 8) in base 3?
-1201102112022
What is -1434410 (base 5) in base 3?
-1112222112
What is 222889 (base 11) in base 5?
42330421
Convert -1033201244 (base 5) to base 8.
-10430470
1111000001111000 (base 2) to base 5
3432220
What is 269a05 (base 11) in base 8?
1472346
What is -11254103 (base 6) in base 11?
-219672
Convert 6ba1a (base 12) to base 9.
240664
What is -130440230 (base 5) in base 14?
-12938d
5393678 (base 10) to base 15
7181d8
What is 2212220220 (base 4) in base 11?
426888
Convert -2174334 (base 9) to base 7.
-12645064
Convert 711061 (base 8) to base 12.
b3529
Convert 2530202 (base 7) to base 8.
1175754
Convert -79443 (base 10) to base 9.
-130870
What is 99ed34 (base 16) in base 15?
d43e57
Convert -167340 (base 8) to base 3.
-10002212220
What is 3102311221 (base 4) in base 9?
1555557
Convert -21000211001 (base 3) to base 4.
-201302020
Convert -7c35d3 (base 14) to base 16.
-409f95
Convert -111020120112 (base 3) to base 6.
-5330452
What is 8637 (base 13) in base 7?
105222
What is 102010001012 (base 3) in base 10?
218732
Convert 434243 (base 7) to base 9.
125138
51831 (base 14) to base 13
6b545
What is 110053330 (base 7) in base 16?
64bb4a
2ba552 (base 13) to base 2
100000111100101010111
101000011100001010101000 (base 2) to base 5
10203214003
-2012202100020 (base 3) to base 2
-100011111001000111110
What is 4533242 (base 10) in base 8?
21225772
What is 1110110011100100 (base 2) in base 12?
2b118
Convert 1141325 (base 6) to base 2.
1110101000110101
What is -36775 (base 10) in base 15?
-ad6a
-390914 (base 11) to base 13
-187518
What is 12531632 (base 7) in base 10?
1150739
What is -3010 (base 4) in base 11?
-169
145920 (base 13) to base 7
4143045
What is -2033957 (base 10) in base 7?
-23200622
Convert 42418 (base 14) to base 4.
213003112
Convert -1343332 (base 5) to base 3.
-1102100211
Convert -2205165 (base 7) to base 13.
-962bb
-143365 (base 10) to base 8
-430005
What is -5c71c9 (base 15) in base 10?
-4428414
What is -1452b3 (base 12) in base 9?
-568480
-c39b (base 13) to base 14
-9ba7
Convert -8596a (base 14) to base 6.
-10530534
-3bca41 (base 13) to base 15
-1db6c2
Convert -47b327 (base 12) to base 2.
-100011011001100001111
Convert -506a12 (base 14) to base 9.
-5076060
Convert -1d7d5 (base 16) to base 4.
-131133111
Convert -b4b81 (base 12) to base 14.
-62385
1103033 (base 4) to base 8
12317
Convert 35200235 (base 6) to base 14.
204aab
What is 34127 (base 10) in base 16?
854f
Convert -25542240 (base 6) to base 3.
-1120120011120
3500492 (base 10) to base 5
1344003432
3532120 (base 6) to base 13
65517
What is 101011100100010 (base 2) in base 10?
22306
Convert -6061153 (base 7) to base 4.
-2233331122
3441114 (base 6) to base 4
223012012
31540 (base 6) to base 5
114213
Convert 200001120212 (base 3) to base 10.
355451
2012230 (base 6) to base 13
343b9
Convert 154aa1 (base 13) to base 6.
15125111
What is -96ad8 (base 14) in base 4?
-1120331012
What is -427351 (base 9) in base 6?
-5243114
What is 6927618 (base 10) in base 11?
3a01905
What is -1210401335 (base 6) in base 9?
-27774125
7b92c (base 14) to base 13
a6c62
What is -10512324 (base 6) in base 15?
-6502d
What is 2101200220 (base 3) in base 12?
23366
-3310132002 (base 4) to base 5
-224020341
What is 162a73 (base 12) in base 15?
77106
What is -107741 (base 14) in base 12?
-22b225
1010122101202 (base 3) to base 12
251085
What is 121304423 (base 5) in base 12?
237374
2d95b (base 14) to base 16
1bead
What is -211124636 (base 7) in base 4?
-233222110100
-1112301312 (base 4) to base 12
-151846
1530114 (base 6) to base 10
89470
Convert d635c (base 15) to base 11.
424278
Convert -1122002002100 (base 3) to base 4.
-3103303311
-45826 (base 9) to base 15
-90c6
11012201210 (base 3) to base 15
19876
What is 2442864 (base 9) in base 10?
1327486
-112045203 (base 6) to base 16
-1f6bc3
-258014 (base 14) to base 12
-52242a
-13112001 (base 4) to base 5
-1430311
Convert 976fa (base 16) to base 13.
189440
2033234 (base 5) to base 8
101441
Convert -10011001101 (base 4) to base 6.
-34525413
Convert -fbb5 (base 16) to base 12.
-31359
What is -51185 (base 11) in base 7?
-430634
Convert 31a358 (base 14) to base 16.
19a27a
What is -291162 (base 14) in base 9?
-2610836
Convert -c66b3 (base 15) to base 2.
-10011001101000010100
Convert 12915a (base 13) to base 7.
3545245
What is 23423134 (base 5) in base 4?
311003032
-3434340 (base 6) to base 8
-527524
Convert -101100200100210 (base 3) to base 9.
-11320323
Convert -113454 (base 13) to base 2.
-1100011011010010110
Convert -12020330 (base 9) to base 5.
-2444443433
What is -22130704 (base 8) in base 9?
-8861104
What is -1182368 (base 9) in base 15?
-cb07b
Convert -288385 (base 9) to base 4.
-223021202
-100101101111010011000 (base 2) to base 11
-775111
What is -86459 (base 12) in base 8?
-531405
Convert -1950150 (base 10) to base 5.
-444401100
-220201102 (base 3) to base 8
-43144
Convert 100111110121 (base 3) to base 12.
90244
Convert 673636 (base 9) to base 2.
1100010010111101111
-3283700 (base 9) to base 15
-24db43
3130401434 (base 5) to base 11
3738422
2310042 (base 6) to base 4
130303022
Convert 10000101101011100101110 (base 2) to base 9.
8215770
-35315030 (base 7) to base 11
-1837193
Convert 20100112202 (base 3) to base 14.
33809
-4f2c (base 16) to base 9
-30720
Convert 241c471 (base 13) to base 11.
6356643
-1101212210100 (base 3) to base 8
-2660216
Convert -202223003223 (base 4) to base 3.
-122002210010020
-767bb8 (base 12) to base 16
-1caffc
What is -41b69 (base 12) in base 3?
-11101102200
What is 100000110111101001001 (base 2) in base 4?
10012331021
Convert -154726a (base 12) to base 16.
-4200b2
Convert 10101000011010001 (base 2) to base 15.
1a835
Convert -22610a6 (base 12) to base 3.
-110102002212200
What is -135a873 (base 14) in base 6?
-532412433
Convert 16745a (base 11) to base 15.
51a0d
2272263 (base 9) to base 15
194059
1820874 (base 10) to base 6
103005550
What is 5a3a17 (base 13) in base 10?
2150376
Convert -113015032 (base 6) to base 12.
-854478
What is -9a095 (base 13) in base 14?
-73a29
Convert -1181006 (base 9) to base 13.
-196cc5
-11011410 (base 5) to base 4
-113012031
Convert 111200200111020 (base 3) to base 5.
3330322011
151100 (base 8) to base 5
3210244
What is -12213 (base 10) in base 15?
-3943
What is 11131310 (base 4) in base 2?
101011101110100
Convert 350223 (base 6) to base 5.
1424040
-1396952 (base 10) to base 2
-101010101000011011000
What is 272b8 (base 13) in base 8?
216436
924591 (base 10) to base 9
1658263
What is 130023000131 (base 4) in base 2?
11100001011000000011101
Convert -41130406 (base 8) to base 12.
-2ab4546
What is -102120212121120 (base 3) in base 9?
-12525546
Convert -2573144 (base 10) to base 13.
-6c1292
-3101003 (base 7) to base 13
-cc5c3
-1002120221012112 (base 3) to base 13
-334789a
-1b0b8 (base 13) to base 14
-153b1
Convert 31312321 (base 4) to base 12.
28a21
Convert 6207c7 (base 16) to base 11.
3698922
What is -160551 (base 8) in base 2?
-1110000101101001
Convert 3a90a (base 12) to base 6.
1422014
What is 1011120110112 (base 3) in base 12?
25b772
Convert -10101000011110101 (base 2) to base 5.
-10230021
Convert 3116021 (base 7) to base 15.
75d38
What is -312455 (base 6) in base 13?
-b642
What is 29490 (base 11) in base 2?
1010001101110100
110102222121 (base 3) to base 10
244933
4200460 (base 8) to base 14
2101b2
-10310213 (base 5) to base 7
-515044
-220000222121202 (base 3) to base 6
-1133442502
1323231 (base 6) to base 2
10001111001100011
640250 (base 7) to base 14
2c427
What is 4534131 (base 8) in base 9?
2268816
Convert 8e8d1 (base 15) to base 8.
1567146
Convert -42134213 (base 5) to base 16.
-5547c
Convert -364767 (base 9) to base 5.
-24020212
Convert 2b19 (base 16) to base 13.
5039
What is -13ea87 (base 15) in base 8?
-3524555
-1480434 (base 11) to base 5
-1122032124
What is -134130351 (base 6) in base 2?
-1010010111100010011011
What is 2928339 (base 10) in base 6?
142433043
-54688a (base 11) to base 8
-32506